n divisor of 25 and 1475.
25
Calculate the highest common factor of 539 and 287.
7
Calculate the greatest common factor of 50 and 2450.
50
Calculate the highest common divisor of 87 and 957.
87
Calculate the highest common factor of 54 and 144.
18
What is the greatest common divisor of 2775 and 370?
185
Calculate the highest common factor of 6360 and 480.
120
Calculate the highest common divisor of 1100 and 66.
22
Calculate the highest common factor of 8 and 128.
8
Calculate the highest common divisor of 1477 and 56.
7
What is the highest common divisor of 6014 and 310?
62
What is the highest common divisor of 3999 and 93?
93
What is the highest common divisor of 128 and 192?
64
What is the highest common divisor of 44 and 20339?
11
What is the greatest common factor of 65 and 1807?
13
What is the greatest common divisor of 39 and 28925?
13
What is the highest common divisor of 40 and 3440?
40
What is the highest common divisor of 667 and 23?
23
Calculate the highest common divisor of 26 and 50.
2
Calculate the highest common factor of 252 and 28.
28
Calculate the highest common divisor of 56 and 24.
8
Calculate the greatest common factor of 242 and 77.
11
What is the highest common factor of 180 and 444?
12
Calculate the highest common divisor of 15 and 795.
15
Calculate the greatest common factor of 221 and 13.
13
What is the highest common factor of 36 and 3204?
36
Calculate the greatest common factor of 3 and 10347.
3
Calculate the greatest common factor of 88 and 198.
22
Calculate the highest common divisor of 8477 and 588.
49
Calculate the highest common factor of 3600 and 50.
50
Calculate the highest common divisor of 18 and 10.
2
What is the highest common factor of 1278 and 36?
18
Calculate the greatest common factor of 4554 and 132.
66
What is the greatest common factor of 824 and 22042?
206
What is the greatest common divisor of 208 and 312?
104
Calculate the highest common divisor of 2176 and 160.
32
What is the highest common factor of 172 and 602?
86
Calculate the highest common divisor of 700 and 252.
28
Calculate the greatest common factor of 97413 and 57.
57
Calculate the highest common divisor of 649 and 99.
11
Calculate the highest common factor of 357 and 2023.
119
Calculate the greatest common divisor of 10688 and 64.
64
What is the greatest common divisor of 14 and 254?
2
Calculate the greatest common factor of 5800 and 40.
40
Calculate the greatest common divisor of 1092 and 4836.
156
Calculate the greatest common divisor of 64 and 7040.
64
Calculate the highest common factor of 2255 and 369.
41
Calculate the highest common divisor of 468 and 252.
36
Calculate the greatest common factor of 12 and 3072.
12
Calculate the greatest common factor of 1302 and 14.
14
What is the greatest common divisor of 110 and 242?
22
What is the highest common factor of 42 and 17577?
21
Calculate the highest common factor of 31 and 1147.
31
Calculate the greatest common divisor of 182 and 518.
14
Calculate the highest common factor of 272 and 204.
68
Calculate the highest common factor of 1510 and 55.
5
What is the highest common factor of 276 and 6716?
92
Calculate the greatest common divisor of 70 and 6240.
10
What is the highest common divisor of 117 and 963?
9
What is the greatest common factor of 1560 and 120?
120
Calculate the highest common factor of 58 and 13195.
29
Calculate the greatest common divisor of 1696 and 53.
53
Calculate the highest common factor of 84 and 22596.
84
What is the highest common divisor of 3 and 7053?
3
What is the highest common divisor of 194 and 1?
1
What is the highest common divisor of 319 and 363?
11
Calculate the highest common factor of 26 and 1079.
13
Calculate the greatest common divisor of 164 and 4.
4
Calculate the highest common divisor of 8673 and 294.
147
What is the highest common factor of 80 and 2420?
20
What is the greatest common divisor of 42 and 672?
42
Calculate the highest common divisor of 5 and 55.
5
Calculate the highest common factor of 640 and 60.
20
Calculate the highest common divisor of 38390 and 110.
110
What is the greatest common factor of 760 and 30?
10
Calculate the highest common factor of 286 and 44.
22
What is the greatest common divisor of 200 and 40?
40
Calculate the highest common factor of 52 and 51272.
52
Calculate the highest common divisor of 3000 and 36.
12
Calculate the greatest common factor of 477 and 20193.
159
Calculate the greatest common divisor of 24 and 6.
6
What is the greatest common factor of 695 and 90?
5
Calculate the greatest common factor of 5019 and 21.
21
What is the greatest common factor of 6 and 1470?
6
Calculate the greatest common factor of 15 and 435.
15
Calculate the greatest common factor of 95 and 3268.
19
What is the greatest common factor of 112 and 640?
16
What is the greatest common divisor of 198 and 1008?
18
What is the highest common factor of 505 and 404?
101
Calculate the highest common factor of 2 and 386.
2
Calculate the greatest common factor of 9 and 144.
9
Calculate the greatest common factor of 39 and 831.
3
What is the highest common divisor of 11509 and 34?
17
What is the greatest common divisor of 270 and 108?
54
What is the greatest common factor of 6897 and 209?
209
What is the greatest common factor of 49 and 7?
7
What is the greatest common factor of 6462 and 36?
18
What is the greatest common divisor of 1339 and 13?
13
What is the highest common factor of 286 and 26?
26
What is the greatest common divisor of 6687 and 9?
9
What is the highest common divisor of 20 and 185?
5
What is the greatest common factor of 52 and 39?
13
Calculate the greatest common factor of 4 and 484.
4
Calculate the highest common divisor of 102 and 170.
34
Calculate the highest common divisor of 12827 and 127.
127
What is the highest common divisor of 1776 and 185?
37
Calculate the highest common factor of 236 and 295.
59
Calculate the greatest common divisor of 1175 and 25.
25
What is the highest common divisor of 1147 and 148?
37
What is the highest common factor of 3 and 255?
3
Calculate the highest common factor of 3401 and 537.
179
What is the greatest common divisor of 3000 and 264?
24
What is the greatest common factor of 301 and 3?
1
What is the greatest common factor of 15 and 290?
5
Calculate the greatest common factor of 625 and 25.
25
What is the greatest common divisor of 8056 and 114?
38
Calculate the highest common factor of 304 and 2528.
16
What is the greatest common divisor of 2943 and 218?
109
Calculate the greatest common factor of 31 and 1333.
31
Calculate the greatest common factor of 3 and 109.
1
Calculate the highest common factor of 3170 and 70.
10
What is the greatest common divisor of 224 and 7?
7
What is the highest common factor of 312 and 24?
24
What is the highest common divisor of 2548 and 52?
52
What is the highest common factor of 108 and 12?
12
What is the greatest common factor of 26 and 6?
2
Calculate the greatest common factor of 7014 and 420.
42
Calculate the greatest common divisor of 318 and 24.
6
Calculate the greatest common divisor of 1435 and 560.
35
Calculate the greatest common divisor of 4090 and 20.
10
Calculate the highest common factor of 23711 and 131.
131
Calculate the greatest common divisor of 18 and 1521.
9
What is the greatest common factor of 136 and 6596?
68
What is the highest common factor of 3681 and 18?
9
What is the greatest common factor of 594 and 132?
66
Calculate the highest common divisor of 1708 and 196.
28
What is the highest common divisor of 45 and 765?
45
Calculate the highest common factor of 81 and 1.
1
Calculate the highest common factor of 10 and 4.
2
What is the highest common divisor of 7634 and 44?
22
What is the highest common factor of 2676 and 12?
12
What is the highest common factor of 128 and 43?
1
Calculate the greatest common factor of 60095 and 505.
505
Calculate the highest common factor of 60 and 7230.
30
What is the highest common divisor of 329 and 3149?
47
What is the greatest common divisor of 13006 and 70?
14
What is the highest common divisor of 70 and 56?
14
What is the greatest common divisor of 16 and 144?
16
Calculate the highest common factor of 968 and 308.
44
What is the highest common factor of 146 and 6862?
146
What is the great